{"id":254,"date":"2021-09-30T19:32:08","date_gmt":"2021-09-30T17:32:08","guid":{"rendered":"https:\/\/euskalherriadigitala.eus\/?page_id=254"},"modified":"2024-10-14T16:07:52","modified_gmt":"2024-10-14T14:07:52","slug":"programa","status":"publish","type":"page","link":"https:\/\/euskalherriadigitala.eus\/es\/programa\/","title":{"rendered":"PROGRAMA"},"content":{"rendered":"\n<h1>Recuperar y reinventar las redes<\/h1>\n\n\n\n<h2>10:30 Autodefentsa digital feminista<br><\/h2>\n\n\n<p>Las compa\u00f1aeras de DonesTech nos ofrecer\u00e1n el taller pr\u00e1ctico \u00abAutodefensa digital feminista\u00bb en el edificio Torrekua. Abordaremos la identificaci\u00f3n de las amenazas digitales y sus impactos. En este espacio, aprenderemos a reconocer estas amenazas y a comprender sus efectos en nuestra realidad cotidiana. Adem\u00e1s, exploraremos estrategias clave para la prevenci\u00f3n y respuesta ante situaciones de riesgo. Entre las propuestas que compartiremos, destacaremos la importancia de la soberan\u00eda tecnol\u00f3gica y el uso de software libre y de c\u00f3digo abierto como herramientas fundamentales para empoderarnos en el entorno digital.<\/p>\n<p>Aforo de 35 personas.<\/p>\n\n\n<h2>17:00 El reto de la digitalizaci\u00f3n democr\u00e1tica<\/h2>\n\n\n<p>Simona Levi ofrecer\u00e1 una charla titulada \u00abEl reto de la digitalizaci\u00f3n democr\u00e1tica\u00bb en el edificio Joxepa Antonia Aranberri. Analizar\u00e1 c\u00f3mo la tecnolog\u00eda puede ser un veh\u00edculo para la participaci\u00f3n ciudadana y la transformaci\u00f3n social. Levi aboga por una democracia m\u00e1s inclusiva y accesible, destacando la necesidad de herramientas digitales que fomenten la transparencia, la rendici\u00f3n de cuentas y el empoderamiento de la ciudadan\u00eda en la toma de decisiones. A trav\u00e9s de ejemplos y reflexiones, la autora nos invita a pensar en los retos actuales sobre esta democratizaci\u00f3n digital.<\/p>\n<p>Aforo de 50 personas.<\/p>\n\n\n<h2>A mediod\u00eda, tendremos la oportunidad de comer juntos, pero tambi\u00e9n hay que apuntarse para ello.<\/h2>\n\n\n\n<div class=\"wp-container-1 wp-block-buttons\">\n<div class=\"wp-block-button\"><a class=\"wp-block-button__link\" href=\"https:\/\/my.liberaforms.org\/sareak-berreskuratu-eta-berrasmatu\" target=\"_blank\" rel=\"noreferrer noopener\">Izena Eman<\/a><\/div>\n<\/div>\n","protected":false},"excerpt":{"rendered":"<p>Recuperar y reinventar las redes 10:30 Autodefentsa digital feminista Las compa\u00f1aeras de DonesTech nos ofrecer\u00e1n el taller pr\u00e1ctico \u00abAutodefensa digital feminista\u00bb en el edificio Torrekua. Abordaremos la identificaci\u00f3n de las amenazas digitales y sus impactos. En este espacio, aprenderemos a reconocer estas amenazas y a comprender sus efectos en nuestra realidad cotidiana. Adem\u00e1s, exploraremos estrategias &hellip; <a href=\"https:\/\/euskalherriadigitala.eus\/es\/programa\/\">Continued<\/a><\/p>\n","protected":false},"author":1,"featured_media":0,"parent":0,"menu_order":0,"comment_status":"closed","ping_status":"closed","template":"","meta":[],"_links":{"self":[{"href":"https:\/\/euskalherriadigitala.eus\/es\/wp-json\/wp\/v2\/pages\/254"}],"collection":[{"href":"https:\/\/euskalherriadigitala.eus\/es\/wp-json\/wp\/v2\/pages"}],"about":[{"href":"https:\/\/euskalherriadigitala.eus\/es\/wp-json\/wp\/v2\/types\/page"}],"author":[{"embeddable":true,"href":"https:\/\/euskalherriadigitala.eus\/es\/wp-json\/wp\/v2\/users\/1"}],"replies":[{"embeddable":true,"href":"https:\/\/euskalherriadigitala.eus\/es\/wp-json\/wp\/v2\/comments?post=254"}],"version-history":[{"count":5,"href":"https:\/\/euskalherriadigitala.eus\/es\/wp-json\/wp\/v2\/pages\/254\/revisions"}],"predecessor-version":[{"id":290,"href":"https:\/\/euskalherriadigitala.eus\/es\/wp-json\/wp\/v2\/pages\/254\/revisions\/290"}],"wp:attachment":[{"href":"https:\/\/euskalherriadigitala.eus\/es\/wp-json\/wp\/v2\/media?parent=254"}],"curies":[{"name":"wp","href":"https:\/\/api.w.org\/{rel}","templated":true}]}}

<h1>Recuperar y reinventar las redes</h1>



<h2>10:30 Autodefentsa digital feminista<br></h2>


<p>Las compañaeras de DonesTech nos ofrecerán el taller práctico «Autodefensa digital feminista» en el edificio Torrekua. Abordaremos la identificación de las amenazas digitales y sus impactos. En este espacio, aprenderemos a reconocer estas amenazas y a comprender sus efectos en nuestra realidad cotidiana. Además, exploraremos estrategias clave para la prevención y respuesta ante situaciones de riesgo. Entre las propuestas que compartiremos, destacaremos la importancia de la soberanía tecnológica y el uso de software libre y de código abierto como herramientas fundamentales para empoderarnos en el entorno digital.</p>
<p>Aforo de 35 personas.</p>


<h2>17:00 El reto de la digitalización democrática</h2>


<p>Simona Levi ofrecerá una charla titulada «El reto de la digitalización democrática» en el edificio Joxepa Antonia Aranberri. Analizará cómo la tecnología puede ser un vehículo para la participación ciudadana y la transformación social. Levi aboga por una democracia más inclusiva y accesible, destacando la necesidad de herramientas digitales que fomenten la transparencia, la rendición de cuentas y el empoderamiento de la ciudadanía en la toma de decisiones. A través de ejemplos y reflexiones, la autora nos invita a pensar en los retos actuales sobre esta democratización digital.</p>
<p>Aforo de 50 personas.</p>


<h2>A mediodía, tendremos la oportunidad de comer juntos, pero también hay que apuntarse para ello.</h2>



<div class="wp-container-1 wp-block-buttons">
<div class="wp-block-button"><a class="wp-block-button__link" href="https://my.liberaforms.org/sareak-berreskuratu-eta-berrasmatu" target="_blank" rel="noreferrer noopener">Izena Eman</a></div>
</div>

<p>Recuperar y reinventar las redes 10:30 Autodefentsa digital feminista Las compañaeras de DonesTech nos ofrecerán el taller práctico «Autodefensa digital feminista» en el edificio Torrekua. Abordaremos la identificación de las amenazas digitales y sus impactos. En este espacio, aprenderemos a reconocer estas amenazas y a comprender sus efectos en nuestra realidad cotidiana. Además, exploraremos estrategias &hellip; <a href="https://euskalherriadigitala.eus/es/programa/">Continued</a></p>
